2. Determine w(v).
0
Let a(i) be the third derivative of -1/24*i**4 + 3 + 0*i - 1/60*i**5 + 1/3*i**3 - 2*i**2. Give a(-2).
0
Let y(x) be the third derivative of x**6/120 - x**5/30 - x**4/24 - x**3/6 + 2*x**2 + 50. Calculate y(0).
-1
Let j = 23095 - 23095. Let h(l) be the second derivative of 0 - 2*l + 1/20*l**5 - 1/12*l**4 + 1/6*l**3 + 7/2*l**2. Calculate h(j).
7
Let h(k) = -2*k - 1. Suppose -29 = 10*i - 39*i. Let o(y) = y + 1. Let p(g) = i*h(g) + 5*o(g). Give p(-3).
-5
Let c(w) = -3*w**2 - 12*w + 3. Let y be ((-5)/4)/(-2*(-6)/48). Let m(z) = -2*z**2 - 6*z + 1. Let u(j) = y*m(j) + 3*c(j). What is u(4)?
-4
Let n(k) = 13*k**2 - k - 9. Let q be 14/(-105)*30 - (-4 + 0). Determine n(q).
-9
Suppose -d - 4*d = -20. Let a(i) = -11*i**2 - 77*i + 10. Let w(z) = 6*z**2 + 43*z - 5. Let p(q) = 5*a(q) + 9*w(q). What is p(d)?
-3
Let w(s) = s**2 + 167*s + 465. Let x(k) = k**2 + 125*k + 335. Let v(p) = 8*w(p) - 11*x(p). What is v(1)?
-7
Let t = -196 - -198. Let v(r) = -278*r - r**3 + 554*r - 275*r + r**t. Give v(-3).
33
Suppose -2*z - 34 = -258. Suppose 2*h - z = -114. Let v(y) = 3*y**3 - 3*y**2 + 3*y + 2. Let d(n) = -n**3 + n - 1. Let q(j) = h*v(j) - 4*d(j). Give q(-5).
-13
Let i(d) = -d + 5. Let p(b) = 2*b - 3. Let t(x) = 5*i(x) + 4*p(x). Let q(j) = -j - 6. Let k(m) = 10*q(m) + 4*t(m). Determine k(-7).
-22
Let o(b) = 3*b**2 - 45*b + 47. Let h be o(14). Suppose -3*p = 3, 4*j + h*p - 2*p + 27 = 0. Let q(g) = -g**3 - 6*g**2 + 3. Determine q(j).
3
Let o = 4 - 6. Let w(b) = 3525*b**2 - 1 - 1761*b**2 - 1762*b**2 + 2*b. What is w(o)?
3
Suppose 64*x - 71*x = -7. Let p(o) = 0*o**2 + 3 + 2*o**2 - x - o**2. Determine p(3).
11
Let r(j) be the third derivative of -7*j**4/8 - 2*j**3 + 2*j**2 + 6885. What is r(-2)?
30
Suppose -677*m + b - 25 = -682*m, m + 2*b - 5 = 0. Let d(n) = 2*n**3 - 9*n**2 - 3*n + 6. Determine d(m).
16
Let r(u) = u - 4 + 23 - 13 - 5 - 21*u**2. Let f be 5/55 + 360/(-330). Give r(f).
-21
Suppose 842*x - 14 = 856*x. Let b(a) = 34*a + 11. Calculate b(x).
-23
Let u(q) = q - 8. Let o(z) = -z + 17. Let w(l) = -2*o(l) - 5*u(l). Suppose 0 = -97*i - 143*i + 960. Calculate w(i).
-6
Let a be (-150)/(-21 - -11)*2/15. Let y(c) = -213*c + 425. What is y(a)?
-1
Let m(t) be the third derivative of -2/3*t**3 + 5/24*t**4 + 38*t**2 + 1/60*t**5 + 0*t + 0. What is m(-6)?
2
Let w be ((-8)/3 - 16/48)*(-20)/240. Let i(c) be the first derivative of -w*c**4 - 1/3*c**3 - 2*c - 22 - 1/2*c**2. Give i(0).
-2
Suppose 5*w + 321 - 571 = 0. Let n(h) = -w + 22 - 2*h + h**2 + 21. Calculate n(-4).
17
Let j(f) = -12*f + 1. Suppose 51 = c + 136. Let b = -87 - c. What is j(b)?
25
Let g = 6 - 8. Suppose -6*v + v - 37 = -2*c, -5*c - 4*v + 10 = 0. Let m(j) = -15*j - 4*j - 2 + c*j + 2*j. Determine m(g).
20
Let v(q) = -19*q**3 + 11*q**2 - 35*q + 44. Let p(l) = -12*l**3 + 8*l**2 - 23*l + 29. Let j(w) = 8*p(w) - 5*v(w). Calculate j(8).
4
Let d be (0 - (-3)/3)/((-3)/(-6)). Suppose -3*p = -d*p - 5. Let k(f) = -4*f + f**2 - p*f + 0*f**2 + 8*f. Determine k(0).
0
Suppose -16*k = 3*t - 15*k - 24, 0 = -4*t - 4*k + 24. Let u(f) be the second derivative of t*f + 0 - 1/2*f**2 - 1/6*f**4 + 1/6*f**3. Give u(1).
-2
Let v(b) be the third derivative of -b**5/30 - 5*b**4/12 + 5*b**3 - 716*b**2. Give v(-7).
2
Let p(n) = n + 10. Let h(y) = 87*y + 184. Let i(u) = -17*u - 37. Let t(k) = -2*h(k) - 11*i(k). Let s be t(-3). What is p(s)?
10
Suppose 0 = 11*t - 15*t + 12. Suppose -2 = l - 0*i + 3*i, -3*l = t*i + 24. Let b = l - -17. Let f(h) = -2*h + 5. What is f(b)?
-7
Let p = -270 - -487. Let f = p - 226. Let l(s) = -s - 9. Determine l(f).
0
Suppose 3*w + 3*p = -0*w + 3, -3*p = -6. Let m be 4/(3 + (-35)/15). Let u(f) = m*f - f - 8*f. Determine u(w).
3
Let d(f) = -4*f**2 + 108*f + 12. Let v be d(27). Let r(t) = t**2 - 14*t + 26. Determine r(v).
2
Let j(d) be the third derivative of -d**6/720 + d**5/60 - 7*d**4/24 - d**3/2 - 27*d**2. Let v(b) be the second derivative of j(b). Determine v(0).
2
Let b = -435 - -776. Let h = b + -336. Let v(o) = -o**2 + 1. What is v(h)?
-24
Let b(d) = 14*d - 11. Let v(u) = -41*u + 30. Suppose -19 = 5*p - 4. Let z(g) = p*v(g) - 8*b(g). Calculate z(2).
20
Let j(y) = -204*y**3 + 601*y**3 - 200*y**3 - 196*y**3 - 15*y - 14*y**2 - 30. What is j(15)?
-30
Suppose 13*h = -347 + 269. Let t(b) = 7*b + 37. Determine t(h).
-5
Suppose -4*w + 2*m - 4 = 0, m - 3 = w - 0. Let k(g) = -6*g**2 + 4*g. What is k(w)?
-2
Let z(f) = 3*f. Suppose -4*x + 231 = 31. Let s(t) = -t**2 + 78*t - 377. Let o be s(5). Let h be (o/(-10))/((-20)/x). What is z(h)?
-9
Let h(a) be the first derivative of 9*a**2 - 282*a + 6329. Determine h(15).
-12
Suppose r = 123 - 261 + 128. Let o(l) = 3*l + 51. Determine o(r).
21
Let x(l) = l**2 - 11*l - 44. Let p be x(14). Let m be (20/p + 5)*(-6)/5. Let w(n) = 2*n - 1. Let k(v) = 1. Let z(i) = -4*k(i) + w(i). Calculate z(m).
7
Let f = 2414 - 2405. Suppose 3*d + d = 0. Let b(j) = 10*j**2 + 3*j**3 - 4*j**3 + d*j**3 - 9*j + 6 - 1. Determine b(f).
5
Let c(t) = t**3 + 47*t**2 + 29*t - 34. Let k(h) = 5*h**2 + 2*h - 1. Let i(v) = c(v) - 5*k(v). Give i(-21).
13
Let n(d) = -6*d - 13. Suppose -3*f + 5*r + 3 = 0, -3*r + 3 = 3*f - 5*r. Let g(m) = -m. Let x(q) = f*n(q) - 5*g(q). What is x(-9)?
-4
Let c = 9038 - 9028. Let u(q) = -q**3 + 11*q**2 - 9*q - 3. Determine u(c).
7
Let q = 394 - 400. Let h(b) = 2 - 4 + 3*b + 12 - 4*b - b**2. Let z(c) = -3*c**2 - 4*c + 29. Let o(i) = 8*h(i) - 3*z(i). Give o(q).
5
Suppose 5*q - 36 = -4*q. Let g(n) = -n - q - n**2 + 6 + 0 - 3. Suppose -6*x + 5*h = -9*x + 10, -3*x - 8 = -4*h. Give g(x).
-1
Let d(o) be the second derivative of 0 - 1/24*o**4 - 21/2*o**2 - 18*o + 1/30*o**5 - 1/15*o**6 + 0*o**3. Let x(p) be the first derivative of d(p). What is x(1)?
-7
Let u(g) = 68*g**2 + 1. Let s(b) = 285*b - 1709. Let o be s(6). What is u(o)?
69
Suppose 0 = -j - 3*j - 60. Let f(w) = 16 - w**3 - w**2 - 15*w**2 + 13419859*w - 13419873*w. What is f(j)?
1
Suppose 21*j = -17*j + 82 - 6. Let u(n) be the first derivative of -n + 1/2*n**4 + 0*n**3 + 0*n**j + 9. Calculate u(1).
1
Let t = -20025/2 - -10013. Let u(z) be the second derivative of -t*z**2 + 0 - 18*z + 1/3*z**3. Calculate u(-3).
-7
Let c(i) = -11*i. Let w = 60 + -60. Let v be 6/(-6) + (-1 - w). Let t be 2 - (51/45 - v/(-15)). Determine c(t).
-11
Let p(m) = -3*m + 20. Suppose 3*y - 5*k = 695 - 710, -5*y - 5*k + 15 = 0. Give p(y).
20
Let y(s) be the first derivative of s**4/4 + 2*s**3/3 + 3*s**2/2 - 4*s + 1331. Give y(-3).
-22
Let n(y) = -20*y - 6. Let d(i) = i**2 - 101*i - 30. Let w(v) = -2*d(v) + 11*n(v). Let a(s) = 3*s**2 + 26*s + 9. Let p(c) = -5*a(c) - 7*w(c). Calculate p(-5).
-8
Let f = 347 + -90. Let p = -125 + f. Let x be p/32 - (-1)/(-8). Let o(y) = -2*y**2 + 5*y + 4. Determine o(x).
-8
Let u(y) be the second derivative of -y**3/6 - 4*y**2 - 43*y. Suppose -177*n - 61 - 666 + 19 = 0. Give u(n).
-4
Let p(k) = -k - 14. Let v be p(-9). Let o(i) be the third derivative of i**5/60 + 7*i**4/24 + i**3 + 86*i**2. Let g be o(v). Let j(c) = -c + 2. Determine j(g).
6
Let i be 4/10 + (-7)/5. Let y = 448 + -445. Let s(h) = 3*h**2 + 7*h - 10. Let f(c) = 2*c**2 + 4*c - 6. Let w(b) = y*s(b) - 5*f(b). Give w(i).
-2
Let c be 11/33*45*1/(-3). Let a(y) = 7*y**3 - 7*y - 10*y**2 - 4 - 8*y**3 + 3*y**2. Calculate a(c).
-19
Let n = -255 + 256. Let c(a) = -24*a - 4. Let z(q) = -48*q - 7. Let y(o) = -5*c(o) + 3*z(o). Give y(n).
-25
Let w(j) = j**3 + j**2 - j + 1. Let k(z) = 28*z**3 + 10*z**2 - 8*z + 10. Let m(x) = k(x) - 11*w(x). What is m(1)?
18
Let n(x) = x**3 - 5*x**2 - 2*x + 3. Let i(z) = 2*z + 15. Suppose 0 = 3*m + 2*o - 35, -3*m + 4*o + 17 + 12 = 0. Suppose 5*t + 14 = -m. Let g be i(t). Give n(g).
-7
Let b(h) be the first derivative of 0*h + h**2 + 34 - 11*h - h + 9*h. Let j be (2/(-1))/((-2)/4). Give b(j).
5
Let u(w) be the third derivative of -124*w**2 + 0*w - 1/3*w**4 + 1/60*w**5 + 0 + 5/3*w**3. Determine u(7).
3
Let d(q) = q**2. Let m = -381 + 376. Let t be m - ((-3)/(-18) + (-86)/12). Give d(t).
4
Let f be 0 - (0/3 + 2). Let y(z) be the third derivative of z**5/20 - z**4/6 - z**3/2 + 99*z**2 - z. Determine y(f).
17
Let i(u) = u**2 + 11 + 3054*u - 1508*u - 1537*u. Calculate i(-5).
-9
Suppose 3*u - d = -0*d + 7, -2 = u + 4*d. Let b(s) be the second derivative of 0 - 2*s + 0*s**2 - 1/3*s**3. Determine b(u).
-4
Let q(c) = c - c**2 + 23 + 3*c + 8